f y?
2, 3
Suppose 0 = w + 3*h + 2*h + 31, -2*w = -3*h + 23. Let i = 33 + w. List the prime factors of i.
17
Suppose -3*i = w - 15, -i - 3 = 2*i - 5*w. Suppose -3*x - 46 = -i*h, -3*x - 16 = -2*h - 5*x. What are the prime factors of h?
2, 5
Let s = 17 + 17. What are the prime factors of s?
2, 17
Let i = 1 - -2. Let c be 0 + (52 + i - -1). Suppose 3*y - 4*x - c = 0, 2*y + 4*x - 3 - 1 = 0. What are the prime factors of y?
2, 3
Let x be (-526)/(-12) + 6/36. Suppose 0*l = -2*l + x. Suppose -32 = -3*m + l. What are the prime factors of m?
2, 3
Let v(c) = -c - 1. Let l be v(-3). Suppose 0 = -l*t - 2*t. Let b(h) = -h**3 + h**2 - h + 5. List the prime factors of b(t).
5
Suppose 0 = -5*j + 20 + 120. List the prime factors of j.
2, 7
Let t(b) be the third derivative of -b**5/60 - b**4/24 + b**3/3 + b**2. Let p be t(0). Suppose -2*f = -8, 5*r - 3 = p*f - 1. What are the prime factors of r?
2
Let r(x) = -8*x - 8. Let u = -31 - -24. List the prime factors of r(u).
2, 3
Let k(l) = 5*l**2 + 6*l - 4*l**2 + 1 + 4 + 3*l**2 - l**3. List the prime factors of k(5).
2, 5
Suppose y = -0*y. Suppose y*b + 2*b = 4. Suppose 5 = o - 3*f, -5*o = b*f + 3*f - 85. What are the prime factors of o?
2, 7
Let z be (3 - (-39)/(-15))*-30. What are the prime factors of 29 - -6*8/z?
5
Let h(w) = -w + 10. Let d(p) = p**2 + p. Let g be d(-3). List the prime factors of h(g).
2
Let y = -294 + 194. Let u = y + 191. Suppose -4*f = -5*h - u, 5*f + 2*h + 4 = 93. List the prime factors of f.
19
Suppose 0 = 4*v - 4*l - 868, -3*v = -17*l + 21*l - 686. List the prime factors of v.
2, 3, 37
Let f be (5/(-4))/(-1)*12. Suppose 0 = 3*w + 4*d - f - 22, -2*d = 3*w - 29. Suppose w*m - 3*m + 5*l - 35 = 0, -l = -m + 11. List the prime factors of m.
2, 5
Let g(c) = -c**3 - 11*c**2 - 9*c + 4. Let p be g(-10). What are the prime factors of 9/p*(1 - 3)?
3
Let h(r) = -2*r. Let g be h(-1). Let k(p) = 3 - 4 + 2 + 7*p - p**g. List the prime factors of k(5).
11
List the prime factors of (70/(-15))/7*654/(-4).
109
Let l(o) = 8*o - 87. List the prime factors of l(14).
5
Suppose -173 = 3*x + 3*d + 4, 2*x + 127 = -5*d. List the prime factors of 6/18*(1 - x).
19
Let i = 201 - 52. What are the prime factors of i?
149
Let h = 6 + -6. Suppose -a - 3*a + 2*f = -14, h = -2*a - 2*f - 2. List the prime factors of a.
2
Let f(s) = 2*s. Let y be f(5). Let o be (6/(-8))/(15/120). Let u = o + y. List the prime factors of u.
2
Let u(g) = 7*g - 6. Let t(a) = -a + 1. Let k(v) = -18*t(v) - 2*u(v). List the prime factors of k(11).
2, 19
Let u = -145 - -285. What are the prime factors of u?
2, 5, 7
Suppose 4*n + a + 8 = -0*n, -2*n + 10 = -3*a. Let q be (-2)/(-6)*3 - n. Suppose -p + q*p - 12 = 0. What are the prime factors of p?
2, 3
Let n(l) = 2*l - 13. Let m(a) = a - 7. Let y(t) = -5*m(t) + 3*n(t). Let b be y(4). Suppose b = -2*q + 14 + 4. What are the prime factors of q?
3
Let o = -78 - -137. List the prime factors of o.
59
What are the prime factors of (-4)/(-8)*-6 - (-48)/2?
3, 7
Let t(g) = -37*g - 1. Let o be t(-1). Let h = o + -16. List the prime factors of h.
2, 5
Suppose -2*b - 24 - 16 = 0. Let f = 29 + b. Let r = 18 - f. List the prime factors of r.
3
Let w(c) = 19*c + 2. Let o be w(1). Let t = 54 - o. List the prime factors of t.
3, 11
Let m be (-2 - 25)/(2/(-2)). Let i = m + -19. List the prime factors of i.
2
Let j be -1*(-2 + 4) + 29. Let f = j - 6. What are the prime factors of f?
3, 7
Let y be ((-33)/2)/((-1)/(-2)). Let o = -15 - y. Suppose -g + o = 2*g. List the prime factors of g.
2, 3
Suppose 5*n - 20 = -5*z, -n - 16 = -4*z - 3*n. What are the prime factors of z?
2
Let z(c) = 5*c - 18. What are the prime factors of z(10)?
2
Suppose 0 = 3*z + 3*q - 87, 53 = 3*z + 4*q - 31. List the prime factors of z.
2
Let i(l) = l**3 + 7*l**2 + 6*l + 3. Let v be i(-6). Suppose -5*f = -v*f. Let k(g) = -g**2 + 4. What are the prime factors of k(f)?
2
Suppose -2*q + 12*c + 539 = 7*c, -2*c + 283 = q. List the prime factors of q.
277
Let m(h) = -h**3 - 13*h**2 - 15*h - 13. What are the prime factors of m(-12)?
23
Let r(u) = -2*u - 5. Suppose t - 6 = c, 8 = 2*t - c - 0. Let x be (-1 - t)*5/3. What are the prime factors of r(x)?
5
Let n(v) = 3*v**2 - 7*v + 4. What are the prime factors of n(5)?
2, 11
Suppose -38 = -u + 4*t, 2*u - 2*t = -7*t + 63. What are the prime factors of u?
2, 17
Let x(f) = f + 6. Let h be x(-3). Let q = h - 3. List the prime factors of q/(0 - -1) - -8.
2
Suppose 3*t - 5*y = 772, 6 = -0*y - 3*y. What are the prime factors of t?
2, 127
Suppose 0 = -3*c - 0*c - 15, 295 = 5*d + 2*c. What are the prime factors of d?
61
Let n = -3 - -18. List the prime factors of n.
3, 5
Let l = -82 + 183. What are the prime factors of l?
101
Suppose n + 3 = -2, 2*n - 54 = 2*q. Let t = 52 + q. What are the prime factors of t?
2, 5
Suppose 0 = -2*m + 3*m - 4*i + 3, -3*m = -2*i - 11. Let s(a) = -4*a. Let k(f) = -4*f - 1. Let q(l) = m*k(l) - 4*s(l). What are the prime factors of q(-4)?
11
Let i be 1 + 10 + 1 - 0. Suppose v - d - 5 = 3, -v + 5*d + i = 0. List the prime factors of v.
7
Let k(l) = l + 8. List the prime factors of k(-5).
3
Let m be 60*2*(-1)/(-4). Suppose 5*q + 17 = -l, -m = -5*l - 0*l - 2*q. What are the prime factors of l?
2
Let h be 27/6 + (-2)/(-4). Suppose -4*j + 139 = h*a, -j - 2*j + 105 = 4*a. Suppose 0 = -4*l - d + 13 + 5, j = 5*l - 3*d. List the prime factors of l.
5
Let k(d) = d**2 - 3*d - 2. List the prime factors of k(-7).
2, 17
Suppose -21*y + 19*y - 1083 = -5*i, -3*i - 4*y + 629 = 0. List the prime factors of i.
5, 43
Let d(z) = 4*z**3 + z. Let r be d(1). Suppose -r*a + 94 = 19. Suppose 0 = -g - 2*g - 3*f + a, f = -5*g + 29. List the prime factors of g.
2, 3
Let h = -1 - -3. Suppose -h*y + 0*y + 4 = 0. What are the prime factors of y?
2
Let r = -5 - -17. Let z = r + -2. What are the prime factors of z?
2, 5
Let c = -12 - -17. Suppose c*v = 16 + 24. List the prime factors of 2/v - 15/(-4).
2
Let a = 22 - -93. What are the prime factors of a?
5, 23
Suppose -4*h + 0*h - 12 = 0. List the prime factors of (5 - -37)*h/(-6).
3, 7
Let c be 6/21 - 57/(-21). Suppose 5*u - 3*v - 18 = 0, -3*u + 5 = c*v + v. Suppose -20 = -4*k + u*k. List the prime factors of k.
2, 5
List the prime factors of (20/15)/(2/54).
2, 3
Let i = 192 - -58. What are the prime factors of i?
2, 5
Suppose 3*r = 8 + 1. Suppose -a - a + 2*z = -18, -a + 5 = r*z. What are the prime factors of a?
2
Let g(v) = -v**2 - 9*v + 11. Let r be g(-8). Suppose -3*u + s = -32, -4*s + 2*s = -u + r. List the prime factors of u.
3
What are the prime factors of 425/9 - (-4)/(-18)?
47
Let f = -27 + 32. What are the prime factors of f?
5
Let a(f) = f**2 + 6*f - 5. Let r be 2 - (2 - 0)*1. Let o(v) = -v - 7. Let b be o(r). List the prime factors of a(b).
2
Let p be (-21)/15 + 6/(-10). Let w be (-72)/(-1*p/(-2)). Suppose 4*r + 0*r = w. List the prime factors of r.
2, 3
Suppose 0 = -11*o + 7*o + 52. List the prime factors of o.
13
Let w(b) = b**3 - 3*b**2 - 9*b - 2. What are the prime factors of w(7)?
131
Let a(o) be the third derivative of 3*o**4/8 - 2*o**2. Let m be a(-2). What are the prime factors of 15/(-6)*m/5?
3
List the prime factors of (-5)/10 + 15/2.
7
Suppose 3*b + 2*b = 25. Suppose 2*c + 24 = 2*q - c, 0 = b*q - c - 34. List the prime factors of (-2)/q - 25/(-3).
2
Suppose -g - 15 = -2. Suppose -3*v - p + 1 = 0, p = 3*v + 3*p - 5. Let t = v - g. What are the prime factors of t?
2, 3
Let s = -31 - -46. What are the prime factors of s?
3, 5
Suppose -4 = w, 0 = 3*g - 2*w - 2*w - 49. What are the prime factors of g?
11
Let m(x) = -6*x**2 + 4*x**3 - x**2 + 2*x + x**2 - 9 - 3*x**3. Suppose 20 = f + 4*f - 2*y, 3*f + 5*y - 43 = 0. List the prime factors of m(f).
3
Let d(q) be the first derivative of -q**3/3 - q**2/2 + 19*q + 3. What are the prime factors of d(0)?
19
Let v = -4 + 10. List the prime factors of v.
2, 3
Suppose 76 = -0*p + p. List the prime factors of p.
2, 19
Let d(n) = n**3 - 6*n**2 + 7*n - 4. Suppose 5*a - 2*u = 29, -7*a - 3*u = -2*a - 19. Let x be d(a). What are the prime factors of (9/x)/((-1)/(-4))?
2, 3
Let k be (5 - 1)*(-1 + 3). Let i(t) = -t**2 - 8*t - 8. Let d be i(-7). Let m = d + k. What are the prime factors of m?
7
Let t(a) = -2*a**2 + 2*a + 2. Let i be t(2). Let o(j) = 4*j - 15. Let m be o(0). Let z = i - m. List the prime factors of z.
13
Suppose -